 8) to base 9
-131163
-9759 (base 12) to base 10
-16629
What is 4311 (base 7) in base 10?
1527
Convert 2134401 (base 5) to base 13.
13a09
What is -36 (base 9) in base 5?
-113
What is 24260 (base 8) in base 13?
4983
244 (base 11) to base 13
194
2b19 (base 12) to base 4
1033011
What is -6219 (base 11) in base 7?
-33022
Convert -80 (base 9) to base 6.
-200
-3d8 (base 15) to base 13
-527
-1131 (base 7) to base 3
-120100
What is -111 (base 5) in base 15?
-21
2004 (base 11) to base 16
a6a
What is -14664 (base 7) in base 11?
-30aa
Convert dda (base 16) to base 2.
110111011010
12331113 (base 4) to base 10
28503
-111103 (base 4) to base 9
-1774
Convert -146 (base 14) to base 9.
-316
Convert 28353 (base 9) to base 11.
13506
Convert -2301 (base 5) to base 10.
-326
45a9 (base 11) to base 2
1011110100000
What is 3788 (base 10) in base 11?
2934
-11093 (base 14) to base 4
-22011021
Convert -702 (base 11) to base 2.
-1101010001
What is 1010001011 (base 2) in base 16?
28b
-1cc (base 13) to base 2
-101010001
What is 1101221 (base 3) in base 4?
100000
-22027 (base 9) to base 14
-5473
What is -2233011 (base 4) in base 10?
-11205
What is -5436 (base 7) in base 4?
-132102
Convert -34177 (base 11) to base 15.
-e9bc
1977 (base 15) to base 11
4161
Convert 23231 (base 5) to base 7.
4634
What is 1024 (base 8) in base 12?
384
12c42 (base 15) to base 4
32223221
What is 4925 (base 12) in base 5?
230422
Convert -80017 (base 9) to base 14.
-151c4
-6807 (base 10) to base 3
-100100010
300 (base 9) to base 12
183
What is -14850 (base 11) in base 2?
-101000111111100
Convert -11515 (base 7) to base 13.
-149b
11210021 (base 3) to base 9
4707
What is -560 (base 10) in base 6?
-2332
-36a (base 16) to base 9
-1171
-4380 (base 9) to base 16
-c9f
-3b97 (base 12) to base 15
-208d
-c197 (base 15) to base 12
-1b797
What is 411333 (base 6) in base 3?
1122220210
1130330 (base 4) to base 15
1b68
e6c (base 16) to base 13
18b0
Convert -35141 (base 6) to base 16.
-13a5
What is 11 (base 4) in base 14?
5
-63b (base 14) to base 15
-56e
What is -26a3 (base 12) in base 3?
-20002120
Convert 1665 (base 15) to base 13.
226a
What is 1126 (base 8) in base 12?
41a
What is -6a86 (base 13) in base 5?
-434412
What is -1001000100000 (base 2) in base 7?
-16346
Convert -34820 (base 9) to base 15.
-6d60
Convert 3 (base 15) to base 12.
3
What is 15176 (base 8) in base 15?
2022
226 (base 12) to base 8
476
2110 (base 13) to base 10
4576
Convert 580 (base 12) to base 15.
396
What is 1565 (base 10) in base 7?
4364
1000001010 (base 2) to base 12
376
247 (base 13) to base 15
1b7
-1bf (base 16) to base 4
-12333
Convert -212203 (base 4) to base 5.
-34332
What is -518 (base 13) in base 15?
-3cb
Convert 231200 (base 4) to base 13.
1430
Convert -164 (base 9) to base 6.
-351
What is 141112 (base 7) in base 3?
1100210001
3322 (base 7) to base 16
4a8
-ab (base 15) to base 14
-b7
What is -2b6b (base 15) in base 10?
-9326
Convert 22121110 (base 3) to base 2.
1100010000100
-360 (base 7) to base 10
-189
What is 205234 (base 6) in base 10?
16726
Convert 12622 (base 12) to base 16.
61fa
What is -30c (base 13) in base 4?
-20013
What is -966 (base 12) in base 2?
-10101011110
What is -1ca9 (base 14) in base 3?
-21012021
What is -1768 (base 9) in base 5?
-20413
976 (base 11) to base 12
818
What is -1100111000101 (base 2) in base 14?
-2593
Convert -11a (base 15) to base 9.
-307
What is -220132 (base 4) in base 14?
-d30
-2220110 (base 3) to base 9
-2813
What is 11c1 (base 16) in base 11?
3462
What is 11190 (base 12) in base 13?
a455
What is 219a (base 11) in base 13?
1416
What is -1452 (base 7) in base 5?
-4301
What is -1007 (base 10) in base 14?
-51d
Convert -2015 (base 6) to base 15.
-1e8
What is -1000100010010 (base 2) in base 10?
-4370
What is -111211212 (base 3) in base 14?
-3970
-391 (base 10) to base 13
-241
Convert 228 (base 10) to base 12.
170
Convert -189e (base 16) to base 6.
-45102
12256 (base 11) to base 5
1030411
-20102120 (base 3) to base 7
-16443
Convert -192b (base 13) to base 7.
-13643
What is 11585 (base 12) in base 6?
255445
6a74 (base 12) to base 8
27170
-1465 (base 11) to base 14
-98a
120210 (base 3) to base 12
2b6
Convert -1010101 (base 2) to base 11.
-78
305 (base 10) to base 8
461
128 (base 12) to base 15
bb
1011101011100011 (base 2) to base 16
bae3
Convert -110100 (base 2) to base 12.
-44
1101001110111100 (base 2) to base 11
377a7
8b0 (base 12) to base 2
10100000100
Convert -41c3 (base 14) to base 7.
-45033
-2354 (base 14) to base 15
-1c50
3a1 (base 16) to base 7
2465
24245 (base 7) to base 8
14241
Convert 574 (base 10) to base 13.
352
-4534 (base 7) to base 6
-11334
What is -833 (base 14) in base 6?
-11245
What is -1421 (base 8) in base 7?
-2201
What is 5163 (base 13) in base 11?
8494
-a2c1 (base 13) to base 9
-33731
What is 12100 (base 6) in base 15?
7c9
What is 100101001 (base 2) in base 11?
250
Convert -2123 (base 9) to base 2.
-11000011000
What is -54 (base 11) in base 7?
-113
-511 (base 9) to base 5
-3130
58bb (base 16) to base 13
a454
What is 1631 (base 14) in base 5?
111323
25440 (base 7) to base 2
1101001010101
What is 237 (base 8) in base 5?
1114
-6364 (base 7) to base 11
-1767
Convert -62545 (base 7) to base 6.
-155054
What is ab3 (base 15) in base 16?
972
-111313 (base 5) to base 11
-2a79
-3342 (base 7) to base 6
-5330
12657 (base 11) to base 5
1034331
Convert 5962 (base 14) to base 13.
7119
What is -5ba (base 15) in base 16?
-514
What is 16553 (base 7) in base 2?
1001010000110
What is -2371a (base 11) in base 8?
-102537
645 (base 10) to base 3
212220
Convert 658a (base 12) to base 7.
44431
Convert 1122112011 (base 3) to base 14.
bb86
Convert -11132 (base 4) to base 11.
-299
Convert 141451 (base 6) to base 9.
20274
What is -1111001001010 (base 2) in base 15?
-246e
-274 (base 16) to base 10
-628
Convert 22011222 (base 3) to base 6.
43342
33002 (base 5) to base 10
2252
1200033 (base 4) to base 11
469a
What is -1784 (base 16) in base 4?
-1132010
What is 12747 (base 9) in base 13?
3c0a
Convert 38 (base 11) to base 4.
221
cc (base 13) to base 9
206
Convert 10500 (base 10) to base 12.
60b0
Convert 1513 (base 6) to base 16.
195
-170 (base 16) to base 11
-305
-14116 (base 13) to base 6
-445441
Convert -25 (base 9) to base 5.
-43
What is 638 (base 9) in base 13?
311
Convert -2eea (base 16) to base 4.
-2323222
Convert -11110000111 (base 2) to base 10.
-1927
What is 1010101010111010 (base 2) in base 3?
2012221202
Convert 932 (base 10) to base 15.
422
-163 (base 10) to base 6
-431
What is 633 (base 7) in base 9?
383
What is -105b5 (base 14) in base 12?
-1aa83
11101001000 (base 2) to base 15
844
Convert 5245 (base 6) to base 8.
2235
-11333332 (base 4) to base 15
-7434
What is -13587 (base 12) in base 15?
-7dcd
12133 (base 5) to base 16
396
What is 549 (base 12) in base 14?
3d7
2b585 (base 12) to base 13
21b96
Convert -3342 (base 6) to base 16.
-30e
Convert -1032134 (base 5) to base 12.
-a36a
26845 (base 9) to base 10
18185
What is -31122 (base 4) in base 16?
-35a
Convert 1103221 (base 4) to base 6.
40441
4583 (base 9) to base 10
3396
Convert 297 (base 15) to base 16.
250
What is 2052 (base 13) in base 15?
14c6
What is -4759 (base 10) in base 9?
-6467
Convert 12334 (base 5) to base 14.
4d3
Convert -3c8 (base 16) to base 8.
-1710
Convert 120112 (base 4) to base 15.
6dd
What is 20113 (base 5) in base 13?
779
Convert -7eae (base 15) to base 11.
-19270
Convert 10001111010000 (base 2) to base 5.
243133
What is -100001101 (base 2) in base 10?
-269
-30662 (base 12) to base 9
-105552
-2302 (base 10) to base 12
-13ba
What is 1000001111000010 (base 2) in base 13?
12478
1f3c (base 16) to base 11
600a
1043 (base 11) to base 16
562
Convert -eb8 (base 16) to base 7.
-13662
What is -13012121 (base 4) in base 3?
-1110220002
What is 1011010 (base 5) in base 14?
5d80
What is 522310 (base 6) in base 7?
233334
What is -22232121 (base 4) in base 8?
-125631
What is -2eb (base 16) in base 10?
-747
What is 302 (base 11) in base 2?
101101101
Convert 1104 (base 13) to base 12.
1456
Convert -25044 (base 8) to base 11.
-8118
-10e78 (base 15) to base 12
-27228
-13043 (base 8) to base 9
-7686
What is -1121141 (base 5) in base 11?
-14178
-12023 (base 4) to base 5
-3040
Convert -2250 (base 6) to base 4.
-20112
3243b (base 12) to base 13
2423